{"id":159,"date":"2024-05-28T11:09:34","date_gmt":"2024-05-28T09:09:34","guid":{"rendered":"https:\/\/www.al-medpharma.com\/?page_id=159"},"modified":"2025-09-18T10:24:22","modified_gmt":"2025-09-18T08:24:22","slug":"e-commerce","status":"publish","type":"page","link":"https:\/\/www.al-medpharma.com\/?page_id=159","title":{"rendered":"E-COMMERCE"},"content":{"rendered":"\n<h4 class=\"wp-block-heading has-text-align-center\">I nostri prodotti sono di qualit\u00e0?<\/h4>\n\n\n\n<p class=\"has-text-align-center\">Tutti i nostri prodotti godono di elevati standard qualitativi e innovativi, sono &#8221; Made in Italy &#8220;<\/p>\n\n\n\n<h4 class=\"wp-block-heading has-text-align-center\">Perch\u00e9 siamo fieri di ci\u00f2 che facciamo?<\/h4>\n\n\n\n<p class=\"has-text-align-center\">La continua ricerca di soluzioni innovative per rendere compatibili le necessit\u00e0 umane quotidiane all&#8217; ambiente che ci circonda \u00e8 il nostro unico interesse ed obiettivo principale.<\/p>\n\n\n\n<h4 class=\"wp-block-heading has-text-align-center\">Cosa rende i nostri prodotti unici?<\/h4>\n\n\n\n<p class=\"has-text-align-center\">La nostra azienda opera principalmente nel settore della detergenza , offrendo diverse linee di prodotti efficaci e risolutivi, nel pieno rispetto della salute e per la conservazione della natura.<\/p>\n\n\n\n<p class=\"has-text-align-center\"><strong><em>I NOSTRI PRODOTTI IN VETRINA<\/em><\/strong><\/p>\n\n\n\n<p class=\"has-text-align-center\"><em>Scoprite la nostra esclusiva selezione di prodotti in vetrina, dove l&#8217;eccellenza e l&#8217;innovazione si incontrano per offrirvi solo il meglio. Ogni articolo \u00e8 una promessa di qualit\u00e0 e stile, attentamente selezionato per sorprendere e soddisfare ogni vostra esigenza. Venite a scoprire le meraviglie che abbiamo riservato per voi!<\/em><\/p>\n\n\n\n<p><\/p>\n\n\n\n<p class=\"has-text-align-center\"><strong>I NOSTRI PRODOTTI<\/strong><\/p>\n\n\n\n<p><\/p>\n\n\n\n<div class=\"wp-block-media-text is-stacked-on-mobile\"><figure class=\"wp-block-media-text__media\"><img loading=\"lazy\" decoding=\"async\" width=\"682\" height=\"1024\" src=\"https:\/\/www.al-medpharma.com\/wp-content\/uploads\/2024\/07\/ARNICA-ROLL-ON-1-682x1024.jpg\" alt=\"\" class=\"wp-image-190 size-full\" srcset=\"https:\/\/www.al-medpharma.com\/wp-content\/uploads\/2024\/07\/ARNICA-ROLL-ON-1-682x1024.jpg 682w, https:\/\/www.al-medpharma.com\/wp-content\/uploads\/2024\/07\/ARNICA-ROLL-ON-1-200x300.jpg 200w, https:\/\/www.al-medpharma.com\/wp-content\/uploads\/2024\/07\/ARNICA-ROLL-ON-1-768x1152.jpg 768w, https:\/\/www.al-medpharma.com\/wp-content\/uploads\/2024\/07\/ARNICA-ROLL-ON-1-1024x1536.jpg 1024w, https:\/\/www.al-medpharma.com\/wp-content\/uploads\/2024\/07\/ARNICA-ROLL-ON-1.jpg 1181w\" sizes=\"(max-width: 682px) 100vw, 682px\" \/><\/figure><div class=\"wp-block-media-text__content\">\n<p class=\"has-text-align-center\"><strong><em>NOVIT\u00c0 <\/em><\/strong><\/p>\n\n\n\n<h6 class=\"wp-block-heading has-text-align-center\" id=\"title\"><strong><strong> Arnica 99% <\/strong><\/strong><\/h6>\n\n\n\n<h6 class=\"wp-block-heading has-text-align-center\" id=\"title\"><strong><strong>Roll On &#8211; Sport -50 ml&nbsp;<\/strong><\/strong><\/h6>\n\n\n\n<h6 class=\"wp-block-heading has-text-align-center\" id=\"title\"><strong>ottimo per lenire Dolori Muscolari e Articolari &#8211; Massaggio Sfera &#8211; Per Muscoli e Articolazioni &#8211;<\/strong><\/h6>\n<\/div><\/div>\n\n\n\n<div class=\"wp-block-buttons is-layout-flex wp-block-buttons-is-layout-flex\">\n<div class=\"wp-block-button\"><a class=\"wp-block-button__link wp-element-button\" href=\"https:\/\/www.etsy.com\/it\/listing\/4371743177\/roll-on-arnica-99?ref=related-2&amp;logging_key=89219480c6ea772beaff0c79f72ce57651947d12%3A4371743177\">ACQUISTA<\/a><\/div>\n<\/div>\n\n\n\n<p class=\"has-text-align-center\"><\/p>\n\n\n\n<div class=\"wp-block-media-text has-media-on-the-right is-stacked-on-mobile\"><div class=\"wp-block-media-text__content\">\n<p><strong>Arnica Plus 99% 500 ML Gel Extra Forte per Cavalli Uso Umano &#8211; Per Massaggio a Muscoli e Articolazioni &#8211; Uso Sportivo &#8211; Dermatologicamente Testata<\/strong><\/p>\n<\/div><figure class=\"wp-block-media-text__media\"><img loading=\"lazy\" decoding=\"async\" width=\"673\" height=\"661\" src=\"https:\/\/www.al-medpharma.com\/wp-content\/uploads\/2024\/07\/AL-MED-ANRICA.jpg\" alt=\"\" class=\"wp-image-205 size-full\" srcset=\"https:\/\/www.al-medpharma.com\/wp-content\/uploads\/2024\/07\/AL-MED-ANRICA.jpg 673w, https:\/\/www.al-medpharma.com\/wp-content\/uploads\/2024\/07\/AL-MED-ANRICA-300x295.jpg 300w\" sizes=\"(max-width: 673px) 100vw, 673px\" \/><\/figure><\/div>\n\n\n\n<div class=\"wp-block-buttons is-layout-flex wp-block-buttons-is-layout-flex\">\n<div class=\"wp-block-button\"><a class=\"wp-block-button__link wp-element-button\" href=\"https:\/\/www.etsy.com\/it\/listing\/4370434319\/arnica-99-300ml?ref=related-3&amp;logging_key=5ec19d72a041d18a20c5b5555d004853ebb264fe%3A4370434319\">ACQUISTA<\/a><\/div>\n<\/div>\n\n\n\n<p><\/p>\n\n\n\n<div class=\"wp-block-media-text is-stacked-on-mobile\"><figure class=\"wp-block-media-text__media\"><img loading=\"lazy\" decoding=\"async\" width=\"1024\" height=\"1024\" src=\"https:\/\/www.al-medpharma.com\/wp-content\/uploads\/2024\/05\/ARNICA-horese-IMG_0918-1-1024x1024.jpg\" alt=\"\" class=\"wp-image-173 size-full\" srcset=\"https:\/\/www.al-medpharma.com\/wp-content\/uploads\/2024\/05\/ARNICA-horese-IMG_0918-1-1024x1024.jpg 1024w, https:\/\/www.al-medpharma.com\/wp-content\/uploads\/2024\/05\/ARNICA-horese-IMG_0918-1-300x300.jpg 300w, https:\/\/www.al-medpharma.com\/wp-content\/uploads\/2024\/05\/ARNICA-horese-IMG_0918-1-150x150.jpg 150w, https:\/\/www.al-medpharma.com\/wp-content\/uploads\/2024\/05\/ARNICA-horese-IMG_0918-1-768x768.jpg 768w, https:\/\/www.al-medpharma.com\/wp-content\/uploads\/2024\/05\/ARNICA-horese-IMG_0918-1-1536x1536.jpg 1536w, https:\/\/www.al-medpharma.com\/wp-content\/uploads\/2024\/05\/ARNICA-horese-IMG_0918-1-2048x2048.jpg 2048w\" sizes=\"(max-width: 1024px) 100vw, 1024px\" \/><\/figure><div class=\"wp-block-media-text__content\">\n<p><strong>Arnica Plus 99% per Cavalli Uso Umano &#8211; Gel Extra Forte con Arnica Montana &#8211; Massaggi a Muscoli e Articolazioni &#8211; Formula Naturale &#8211; Made in Italy &#8211; 500 ml<\/strong><\/p>\n<\/div><\/div>\n\n\n\n<div class=\"wp-block-buttons is-layout-flex wp-block-buttons-is-layout-flex\">\n<div class=\"wp-block-button\"><a class=\"wp-block-button__link wp-element-button\" href=\"https:\/\/www.etsy.com\/it\/listing\/4371735618\/arnica-99-uso-umano?ref=related-2&amp;logging_key=3e4803f3c6bb5bed0a899f224389052d54e9091d%3A4371735618\">ACQUISTA<\/a><\/div>\n<\/div>\n","protected":false},"excerpt":{"rendered":"<p>I nostri prodotti sono di qualit\u00e0? Tutti i nostri prodotti godono di elevati standard qualitativi e innovativi, sono &#8221; Made in Italy &#8220; Perch\u00e9 siamo fieri di ci\u00f2 che facciamo? La continua ricerca di soluzioni innovative per rendere compatibili le necessit\u00e0 umane quotidiane all&#8217; ambiente che ci circonda \u00e8 il nostro unico interesse ed obiettivo [&hellip;]<\/p>\n","protected":false},"author":1,"featured_media":0,"parent":0,"menu_order":0,"comment_status":"closed","ping_status":"closed","template":"","meta":{"footnotes":""},"_links":{"self":[{"href":"https:\/\/www.al-medpharma.com\/index.php?rest_route=\/wp\/v2\/pages\/159"}],"collection":[{"href":"https:\/\/www.al-medpharma.com\/index.php?rest_route=\/wp\/v2\/pages"}],"about":[{"href":"https:\/\/www.al-medpharma.com\/index.php?rest_route=\/wp\/v2\/types\/page"}],"author":[{"embeddable":true,"href":"https:\/\/www.al-medpharma.com\/index.php?rest_route=\/wp\/v2\/users\/1"}],"replies":[{"embeddable":true,"href":"https:\/\/www.al-medpharma.com\/index.php?rest_route=%2Fwp%2Fv2%2Fcomments&post=159"}],"version-history":[{"count":27,"href":"https:\/\/www.al-medpharma.com\/index.php?rest_route=\/wp\/v2\/pages\/159\/revisions"}],"predecessor-version":[{"id":229,"href":"https:\/\/www.al-medpharma.com\/index.php?rest_route=\/wp\/v2\/pages\/159\/revisions\/229"}],"wp:attachment":[{"href":"https:\/\/www.al-medpharma.com\/index.php?rest_route=%2Fwp%2Fv2%2Fmedia&parent=159"}],"curies":[{"name":"wp","href":"https:\/\/api.w.org\/{rel}","templated":true}]}}